263
Calculate the remainder when 346348 is divided by 65.
28
What is the remainder when 14135 is divided by 64?
55
Calculate the remainder when 209760764 is divided by 7.
3
Calculate the remainder when 10601800 is divided by 3533930.
10
What is the remainder when 20522 is divided by 1077?
59
Calculate the remainder when 24340007 is divided by 88832.
39
What is the remainder when 142169 is divided by 142166?
3
Calculate the remainder when 18111679 is divided by 64.
63
What is the remainder when 8572696 is divided by 174?
64
What is the remainder when 488278 is divided by 488157?
121
What is the remainder when 105204948 is divided by 50?
48
What is the remainder when 405827 is divided by 15?
2
What is the remainder when 17463098 is divided by 4464?
4394
What is the remainder when 2172020 is divided by 1847?
1795
What is the remainder when 25284586 is divided by 2809397?
13
Calculate the remainder when 331160 is divided by 33115.
10
What is the remainder when 9369 is divided by 1497?
387
Calculate the remainder when 22118349 is divided by 30.
9
What is the remainder when 51152 is divided by 200?
152
What is the remainder when 61452 is divided by 435?
117
What is the remainder when 18490 is divided by 8886?
718
What is the remainder when 132630 is divided by 1114?
64
Calculate the remainder when 1122915 is divided by 1717.
1714
What is the remainder when 10338 is divided by 4465?
1408
Calculate the remainder when 3107 is divided by 1831.
1276
What is the remainder when 54179692 is divided by 2006655?
7
Calculate the remainder when 61725 is divided by 330.
15
What is the remainder when 24962528 is divided by 2116?
76
Calculate the remainder when 54162099 is divided by 386872.
19
What is the remainder when 250794 is divided by 261?
234
Calculate the remainder when 233751212 is divided by 11.
2
What is the remainder when 59019 is divided by 125?
19
Calculate the remainder when 1519677 is divided by 1031.
1014
Calculate the remainder when 165239 is divided by 11622.
2531
Calculate the remainder when 169623 is divided by 3028.
55
What is the remainder when 26759 is divided by 584?
479
Calculate the remainder when 6649938 is divided by 188.
2
What is the remainder when 2378003 is divided by 339714?
5
Calculate the remainder when 1127468 is divided by 38.
8
What is the remainder when 117947 is divided by 39237?
236
Calculate the remainder when 3668 is divided by 97.
79
What is the remainder when 73808 is divided by 556?
416
Calculate the remainder when 2181964 is divided by 1090970.
24
Calculate the remainder when 17765669 is divided by 329.
327
Calculate the remainder when 3633095 is divided by 319.
4
Calculate the remainder when 85000 is divided by 691.
7
What is the remainder when 114166 is divided by 9484?
358
Calculate the remainder when 8127269 is divided by 5274.
35
Calculate the remainder when 202819 is divided by 1573.
1475
What is the remainder when 765291 is divided by 1534?
1359
What is the remainder when 10158336 is divided by 1475?
11
What is the remainder when 98398 is divided by 265?
83
What is the remainder when 7282083 is divided by 238?
235
What is the remainder when 3451654 is divided by 98?
94
What is the remainder when 174892 is divided by 86234?
2424
What is the remainder when 3078617 is divided by 2135?
2082
What is the remainder when 104703 is divided by 34739?
486
What is the remainder when 2045329 is divided by 681774?
7
Calculate the remainder when 7949071 is divided by 35645.
236
Calculate the remainder when 6340439 is divided by 785.
779
Calculate the remainder when 13406 is divided by 3833.
1907
Calculate the remainder when 849842 is divided by 4569.
8
What is the remainder when 68481 is divided by 22382?
1335
Calculate the remainder when 186601 is divided by 22490.
6681
What is the remainder when 5684484 is divided by 947412?
12
Calculate the remainder when 19479 is divided by 1985.
1614
Calculate the remainder when 517499 is divided by 258401.
697
What is the remainder when 9754428 is divided by 1950874?
58
Calculate the remainder when 286086936 is divided by 7946859.
12
Calculate the remainder when 593230 is divided by 3011.
63
What is the remainder when 1452302599 is divided by 700?
699
What is the remainder when 1158234 is divided by 285?
279
What is the remainder when 138050 is divided by 17242?
114
Calculate the remainder when 120726393 is divided by 30181598.
1
What is the remainder when 392456 is divided by 213?
110
Calculate the remainder when 13942002 is divided by 105.
102
What is the remainder when 2594714 is divided by 2790?
14
Calculate the remainder when 1487898 is divided by 25650.
198
What is the remainder when 3871816 is divided by 9851?
373
What is the remainder when 40635 is divided by 5741?
448
Calculate the remainder when 876546 is divided by 1125.
171
What is the remainder when 29640 is divided by 617?
24
Calculate the remainder when 930941 is divided by 84597.
374
What is the remainder when 4404092 is divided by 438?
2
Calculate the remainder when 2187867 is divided by 6795.
6672
What is the remainder when 11053783 is divided by 2763442?
15
Calculate the remainder when 635700 is divided by 5342.
2
Calculate the remainder when 13640 is divided by 712.
112
What is the remainder when 1507621 is divided by 5197?
491
Calculate the remainder when 2097507 is divided by 2491.
85
What is the remainder when 891503 is divided by 918?
125
What is the remainder when 2722982 is divided by 181531?
17
Calculate the remainder when 33025 is divided by 109.
107
Calculate the remainder when 1933848 is divided by 814.
598
What is the remainder when 46573 is divided by 6425?
1598
What is the remainder when 112501 is divided by 28075?
201
Calculate the remainder when 20936566 is divided by 28.
14
What is the remainder when 3144149 is divided by 161?
141
Calculate the remainder when 89210 is divided by 1144.
1122
What is the remainder when 15675922 is divided by 90?
82
Calculate the remainder when 24420 is divided by 11389.
1642
What is the remainder when 299722 is divided by 1233?
103
What is the remainder when 153875 is divided by 1447?
493
What is the remainder when 874071 is divided by 214?
95
Calculate the remainder when 9015533 is divided by 2519.
32
What is the remainder when 5572302 is divided by 9845?
32
Calculate the remainder when 49298667 is divided by 67256.
19
Calculate the remainder when 1718081 is divided by 6317.
6174
Calculate the remainder when 24490844 is divided by 463.
459
Calculate the remainder when 2561742 is divided by 81.
36
Calculate the remainder when 48441926 is divided by 309.
305
What is the remainder when 2987597 is divided by 1077?
1076
What is the remainder when 456755 is divided by 174?
5
Calculate the remainder when 21695 is divided by 3125.
2945
Calculate the remainder when 34328 is divided by 5891.
4873
What is the remainder when 807775 is divided by 1181?
1152
What is the remainder when 5261429 is divided by 182?
173
What is the remainder when 142953754 is divided by 38?
34
What is the remainder when 2501163 is divided by 1784?
1779
What is the remainder when 26126097 is divided by 52?
49
Calculate the remainder when 1375999 is divided by 458354.
937
Calculate the remainder when 558613 is divided by 19258.
131
What is the remainder when 1630355 is divided by 99?
23
What is the remainder when 1918498 is divided by 145?
3
Calculate the remainder when 4211389 is divided by 1052825.
89
Calculate the remainder when 20019507 is divided by 134359.
16
What is the remainder when 315286 is divided by 44?
26
Calculate the remainder when 330363 is divided by 838.
191
What is the remainder when 642 is divided by 143?
70
What is the remainder when 10850376 is divided by 47381?
127
What is the remainder when 923991 is divided by 519?
171
Calculate the remainder when 6213834 is divided by 2178.
0
Calculate the remainder when 2196453 is divided by 128.
101
Calculate the remainder when 2831021 is divided by 17.
11
What is the remainder when 1310999 is divided by 30?
29
What is the remainder when 43307 is divided by 8262?
1997
Calculate the remainder when 220092 is divided by 2752.
2684
What is the remainder when 4594231 is divided by 3711?
13
Calculate the remainder when 2215779 is divided by 38.